*t**2 + t + 14. Let c(l) = 4*a(l) - 3*i(l). What is the tens digit of c(0)?
1
What is the units digit of (-21)/14*1884/(-18)?
7
Let i = -6 + 3. What is the units digit of (8/i)/(-4) + 480/9?
4
Let a(t) = 31*t + 26. Let d be (1 - -13)*(-7)/(-14). What is the hundreds digit of a(d)?
2
Suppose -8*z + 20 = -3*z. Suppose 0 = 3*a + 15, 4*d - 2*a + 4*a = 22. Let l = z + d. What is the units digit of l?
2
Let a = 187 + 154. What is the hundreds digit of a?
3
What is the units digit of ((-6)/(-4))/(6/4996)?
9
Suppose 0 = 2*p + h - 850, 2*h - 1297 = -3*p + 6*h. What is the hundreds digit of p?
4
Suppose -36*k + 29*k = -8764. What is the units digit of k?
2
Suppose -m + 5 = 2. Let u(s) = 10*s - 3 - s**m - s - 10*s + 6*s**2. What is the units digit of u(5)?
7
Let s(p) = 110*p - 135. What is the hundreds digit of s(10)?
9
Let f(x) = -x + 6. Let c be f(2). Suppose v - c*v + 54 = 0. Suppose -7 = -3*j + 4*a, -j + a = 3*j - v. What is the units digit of j?
5
Let l(y) = -y**3 - 11*y**2 + 10*y - 20. Let f be l(-12). What is the units digit of 0 + 2/(f/174)?
7
Let z be (3 - 4)/(1/49). Let j be (26/4)/(3/(-6)). Let n = j - z. What is the tens digit of n?
3
Let v(c) = 11*c**2 - 2*c - 11. What is the hundreds digit of v(5)?
2
Suppose 0 = 2*z - 3*h - 6, -3*z = -5*h - 9. Suppose 31 = y + 3*j, -y - y + z*j = -35. What is the units digit of y?
2
Let d = 83 + -84. What is the tens digit of (d/(-3))/(4/324)?
2
What is the tens digit of 526*-3*(-13)/26?
8
What is the thousands digit of (5/(-4) + 1)*-6140?
1
Let c = -1195 + 1224. What is the tens digit of c?
2
Let a = 2700 - -44. What is the units digit of a?
4
What is the units digit of 1305/(-30)*(30 + -2)/(-2)?
9
Suppose m = 4*m - 18. What is the units digit of (5 - -2)*m/(-14)*-6?
8
Let i = 1468 - 621. What is the units digit of i?
7
Let x = -277 - 54. Let f = x - -505. What is the tens digit of f?
7
Let y(u) be the second derivative of u**5/20 - u**4/2 + u**3/3 + 15*u**2/2 + 17*u. What is the units digit of y(7)?
8
Suppose -a + 2 = 2*m, m = 2*a + 2 + 4. Suppose 4*t - m*n = 956, -4*t + 2*n + 958 = -n. What is the units digit of t?
8
Let u be (-1 - 5)/(-2) + -56 + -14. Let g = 188 + u. What is the hundreds digit of g?
1
Let u(a) = 2*a + 5. Let s(y) = -y - 2. Let i(n) = -7*s(n) - 2*u(n). What is the units digit of i(10)?
4
Suppose -27 = 4*u - 3. Let o = u - -28. What is the tens digit of o?
2
Let w(d) = -d**2 + d - 49. Let o be w(0). Let f = o + 82. What is the units digit of f?
3
Suppose -5*l + 8130 = 5*b, 4*l - 2771 - 2102 = -3*b. Suppose 8*o - b = o. What is the units digit of o?
3
Suppose 3*l = -5*s + 40, -2*l + 7*l - 40 = -3*s. Suppose 6*p = p - s*u - 135, 35 = -p - 5*u. What is the tens digit of (-362)/(-10) - (-5)/p?
3
Let c(d) be the third derivative of -d**6/120 - d**5/15 - d**4/6 + d**3/3 - d**2. What is the tens digit of c(-5)?
4
Let w = -49 + 17. Let m = w + 13. Let o = 74 + m. What is the tens digit of o?
5
What is the tens digit of ((-51)/(-4))/((-84)/(-4144))?
2
Suppose 2*b - 10 = 0, -h + 9 = 3*b - 25. Let f = 26 - h. What is the units digit of (-65)/(-4) - f/28?
6
Let q(k) = -3 - 4*k + 3 - 4 - 11. Let l be q(-15). Suppose m - l = -2*m. What is the units digit of m?
5
Let m(y) = y**3 + 11*y**2 - y - 6. Let x be 20/(-3)*48/32. What is the units digit of m(x)?
4
Suppose -i + 1425 = 2*h + 3*h, -855 = -3*h - i. What is the tens digit of h?
8
Suppose 52730 = 35*j - 3725. What is the thousands digit of j?
1
Suppose -23782 = -28*o + 8614. What is the units digit of o?
7
Let p(y) = y + 1. Let m(k) = -8*k + 8. Let s(o) = m(o) - 3*p(o). What is the tens digit of s(-7)?
8
What is the tens digit of (-639285)/(-327) + -1 + (-3)/1?
5
Suppose 0 = -20*a + 14*a + 558. What is the units digit of a?
3
Suppose 7*y - 6*y - 1800 = 0. What is the tens digit of y?
0
Suppose 0 = -3*d + 24 + 24. Suppose -15*f + d*f = 18. What is the tens digit of f?
1
Let l = 529 - 346. What is the tens digit of l?
8
Let u(c) = c + 2. Let l be u(-6). What is the tens digit of (21/l)/((-21)/196)?
4
Suppose 3*d + v - 194 = 3*v, 1 = -v. What is the units digit of ((-432)/d)/((-1)/16)?
8
Let x = -112 - -495. What is the tens digit of x?
8
Let i(f) = -4*f**3 + 2*f**2 - 2. Let y be i(-1). Suppose h + 2*z = 76 - 2, h + y*z - 80 = 0. What is the tens digit of h?
6
Let k = 13 + -14. Let u = k + 7. Let s = 19 - u. What is the units digit of s?
3
Let o = -21 - -12. Let v = 8 + o. What is the tens digit of (-3)/(v*(-6)/(-20))?
1
Let m = 55 - 60. What is the tens digit of 2*130*(-2)/m?
0
Let s = -35 + 14. Let u = 32 + s. What is the units digit of u?
1
Let g(s) = -119*s - 14. What is the tens digit of g(-4)?
6
Suppose 4*z - 1004 = 4*c, 0 = 28*z - 30*z - c + 511. What is the tens digit of z?
5
Suppose o + 4*o - 170 = 0. Let i = o - 22. What is the tens digit of i?
1
What is the tens digit of (8/(-12))/(9764/(-3252) + 3)?
7
Let n = -22 + 22. Suppose n*m - 5*m + 340 = 0. What is the units digit of m?
8
Let r = 72 + -70. Suppose r*q - 5*q + 54 = 0. What is the units digit of q?
8
Suppose 24 = g + 28. What is the units digit of (-934)/(-10) - g/(-10)?
3
Let f be (-22512)/(-154) + 4/(-22). Suppose 2*x + 0 - f = -5*o, 0 = 3*x + 2*o - 208. What is the tens digit of x?
6
Suppose 1684 + 1070 = 6*p. What is the hundreds digit of p?
4
Let m be (21 + -19)*(-5)/(-2). Suppose m*l + 2*v = 178, 0 = -v - 5 + 4. What is the tens digit of l?
3
Let u be 2 - 4 - (-100)/5. Let r be (u/(-15))/(3/(-20)). Suppose -2*b - 2*b + r = 0. What is the units digit of b?
2
Let m = 4 + 23. Suppose -f - 8 = -2*f. Suppose f*s = 11*s - m. What is the units digit of s?
9
Let k(h) = 11*h**2 + 22*h + 203. What is the units digit of k(-9)?
6
Let h = -192 - -901. What is the hundreds digit of h?
7
Suppose -14*k + 20880 = -2*k. What is the units digit of k?
0
Let q be 4 - 5 - -11 - 1. Suppose -a + q = -45. What is the units digit of a?
4
Let j(y) = -y**3 - 7*y**2 - 7*y + 8. Let n be j(-6). Suppose -10*b - 184 = -n*b. What is the tens digit of b?
4
Let u be (112/(-6) - -4)*6/(-4). Let c = -415 + 705. Suppose c = 6*r - u. What is the units digit of r?
2
Suppose 2*b + 2*b = -x + 32, -25 = -b + 4*x. Suppose 0*t + b = 3*u + 5*t, 2*u = -t + 6. Suppose -u*a = -2*a - 20. What is the tens digit of a?
2
Let b(l) = 6*l**3 + l**2 + l - 1. Let p be b(1). Let n = 43 - 43. Suppose n = -p*y + 9*y - 68. What is the tens digit of y?
3
Suppose 15 = -3*l, -2*m - 19*l = -15*l - 1814. What is the tens digit of m?
1
Let k be (5 - 5) + -1 + 3. Let h = k - -6. Let w = h - 5. What is the units digit of w?
3
Suppose -3 = -3*r - 3*w, 4*w + 20 = r + r. Suppose 0*t - r*t + 412 = 0. What is the tens digit of t?
0
Let u = 22 + -18. Suppose 5*d + m + 27 = 0, -5 = -u*d + 2*m - 21. Let n(z) = z**3 + 7*z**2 + 7*z + 6. What is the tens digit of n(d)?
2
Let t be 28/6 + 11/33. Suppose 4*o + 5*l - 390 = 3*l, -5*o + t*l + 465 = 0. What is the units digit of o?
6
Suppose -10*k - 2117 + 12347 = 0. Suppose 7*s + 4*s = k. What is the tens digit of s?
9
Suppose -1 = -2*h + 7. Let w(s) = -5*s - 10. Let y(a) = -5*a - 9. Let z(d) = 6*w(d) - 7*y(d). What is the units digit of z(h)?
3
Suppose 3*d - 15 = 8*d, -811 = -j - 2*d. What is the tens digit of j?
1
Suppose -6*a = -40 + 100. What is the units digit of 2/5 - 246/a?
5
Let k(f) = -9*f**3 - 3*f**2 + 4*f + 3. Let l = -13 - -11. What is the units digit of k(l)?
5
Suppose 5*y + 15 = -5, -h = -4*y - 917. What is the tens digit of h?
0
Let c(v) = 5*v**2 - v + 12. Suppose -5*f - 15 = 5. What is the tens digit of c(f)?
9
Suppose -p = -v + 290 + 2052, 0 = 4*v + 4*p - 9360. What is the hundreds digit of v?
3
Let b be 2 - (1 - 4/(-2)). Let k be (0 - b)/(2/4). Let d = 7 - k. What is the units digit of d?
5
Let k(y) = -5*y + y**3 + 0*y - 25*y**2 - 7 + 16*y**2. What is the units digit of k(10)?
3
Let j = 6566 - 2917. What is the thousands digit of j?
3
Suppose 1498 = 2*y - 4*q, 3*y - 1511 = 2*q + 724. What is the units digit of y?
3
What is the thousands digit of (1*208/(-20))/((-16)/3880)?
2
Suppose 19*u + 40 = 11*u. What is the units digit of (-2)/u - (-588)/5?
8
Suppose 9*f - 7*f - 12 = 0. Suppose -3*j + 2*i = -274, -3*i + f = -6. Suppose 5*o + 5*g - 12 = 83, -5*g = -4*o + j. What is the tens digit of o?
2
Let u = -107 + 110. What is the tens digit of u + 167 + 5 + -3?
7
Let h = 819 + -570. What is the tens d